{"id":15,"date":"2024-04-03T00:07:47","date_gmt":"2024-04-03T05:07:47","guid":{"rendered":"https:\/\/codebv.org.co\/?page_id=15"},"modified":"2024-04-03T00:23:07","modified_gmt":"2024-04-03T05:23:07","slug":"proyectos","status":"publish","type":"page","link":"https:\/\/codebv.org.co\/index.php\/proyectos\/","title":{"rendered":"Proyectos"},"content":{"rendered":"\n<h2 class=\"wp-block-heading\">Proyectos CODEBV<\/h2>\n\n\n\n<p>En este espacio se describen los proyectos desarrollados por la organizaci\u00f3n<\/p>\n\n\n\n<hr class=\"wp-block-separator has-alpha-channel-opacity\"\/>\n\n\n\n<p><\/p>\n\n\n\n<p>Descripci\u00f3n detallada de los proyectos actuales en desarrollo.<br>Informaci\u00f3n sobre proyectos finalizados con impacto positivo.<br>Formulario de contacto para colaboraciones o propuestas de proyectos.<\/p>\n\n\n\n<div class=\"wp-block-cover\"><span aria-hidden=\"true\" class=\"wp-block-cover__background has-theme-palette-5-background-color has-background-dim-100 has-background-dim\"><\/span><div class=\"wp-block-cover__inner-container is-layout-flow wp-block-cover-is-layout-flow\">\n<p class=\"has-text-align-center has-xxlarge-font-size\">\u00a1Proyectos para el desarrollo y buen vivir!<\/p>\n<\/div><\/div>\n","protected":false},"excerpt":{"rendered":"<p>Proyectos CODEBV En este espacio se describen los proyectos desarrollados por la organizaci\u00f3n Descripci\u00f3n detallada de los proyectos actuales en desarrollo.Informaci\u00f3n sobre proyectos finalizados con impacto positivo.Formulario de contacto para colaboraciones o propuestas de proyectos.<\/p>\n","protected":false},"author":1,"featured_media":7,"parent":0,"menu_order":0,"comment_status":"closed","ping_status":"closed","template":"","meta":{"_kad_post_transparent":"default","_kad_post_title":"","_kad_post_layout":"","_kad_post_sidebar_id":"","_kad_post_content_style":"","_kad_post_vertical_padding":"","_kad_post_feature":"","_kad_post_feature_position":"","_kad_post_header":false,"_kad_post_footer":false,"footnotes":""},"class_list":["post-15","page","type-page","status-publish","has-post-thumbnail","hentry"],"_links":{"self":[{"href":"https:\/\/codebv.org.co\/index.php\/wp-json\/wp\/v2\/pages\/15"}],"collection":[{"href":"https:\/\/codebv.org.co\/index.php\/wp-json\/wp\/v2\/pages"}],"about":[{"href":"https:\/\/codebv.org.co\/index.php\/wp-json\/wp\/v2\/types\/page"}],"author":[{"embeddable":true,"href":"https:\/\/codebv.org.co\/index.php\/wp-json\/wp\/v2\/users\/1"}],"replies":[{"embeddable":true,"href":"https:\/\/codebv.org.co\/index.php\/wp-json\/wp\/v2\/comments?post=15"}],"version-history":[{"count":4,"href":"https:\/\/codebv.org.co\/index.php\/wp-json\/wp\/v2\/pages\/15\/revisions"}],"predecessor-version":[{"id":25,"href":"https:\/\/codebv.org.co\/index.php\/wp-json\/wp\/v2\/pages\/15\/revisions\/25"}],"wp:featuredmedia":[{"embeddable":true,"href":"https:\/\/codebv.org.co\/index.php\/wp-json\/wp\/v2\/media\/7"}],"wp:attachment":[{"href":"https:\/\/codebv.org.co\/index.php\/wp-json\/wp\/v2\/media?parent=15"}],"curies":[{"name":"wp","href":"https:\/\/api.w.org\/{rel}","templated":true}]}}